9) + 3 + (-3 - 9)?
46
77 - (3 + 19) - 42
13
What is the value of (-733 - -827) + 22 + -4?
112
What is the value of 76 - (35 + 38 - 1)?
4
Evaluate -1 - -60 - (138 + -152).
73
Calculate -26 - (-44 + (118 - 56)).
-44
Calculate -28 + -14 - (16 + -6 + 2).
-54
Calculate -3 - ((-5 - 0 - 2) + (21 - (-72 - -86))).
-3
What is -21 + (-14 - -5 - -3 - (33 - 46))?
-14
12 + -3 - (53 - (6 - -38))
0
-33 + 133 - 173 - (-5 + 0)
-68
Evaluate -31 + (-35 - -33) + 42 - (0 + -66).
75
Evaluate 53 - ((-3 - -11) + 0 - (-9 - -23)).
59
(-199 - -194) + -1 + -6 + 3 + 95
86
Evaluate (0 - 81) + (-63 - (-97 + 65 - 12)).
-100
-48 + 109 + -25 + -14
22
Evaluate (1 - 0) + 310 + -216 + 1 + (1 - 19).
78
What is the value of (-1 - 3) + ((-19 - -28) + -9 - (13 - 22))?
5
-3 + -16 + -7 + 53
27
-24 + (-8 - 1) + (-61 - -81) - 9
-22
What is 34 + (33 - (9 + 0))?
58
What is the value of -21 - (-63 + 62) - -65?
45
What is the value of -28 + 20 + (19 - 8) - (3 - (47 - 1))?
46
What is the value of 18 - (46 + 69 + -56)?
-41
Evaluate -8 + -2 + (4 - 3 - (-6 - 1)).
-2
Calculate 42 - (34 - (-25 + 47) - 32).
62
What is (70 - (-30 - -26)) + 2 + (1 - -2)?
79
What is the value of -22 - (0 - -2) - (6212 - 6201)?
-35
Evaluate 31 + (11 - ((38 - 0) + (-100 - -88))).
16
Calculate 6 + -74 - (-454 - -326).
60
Evaluate 12 + -1 + (57 - (-17 - (-6 + -18 + 17))).
78
Calculate (4 - ((-6 - -35 - 9) + (-14 - -12))) + -8.
-22
Evaluate (6 - (4 - 0)) + (-63 - -98).
37
Calculate (58 - 14) + -38 + (0 - 32) + (9 - -3).
-14
What is (-9 + 17 - (-7 + -1 + 7)) + -13?
-4
What is (8 - 3 - (30 - (-1 - 18))) + 11?
-33
Calculate 42 + (185 + -211 - (-5 + 2)).
19
Evaluate -7 - (5 - -1 - (-269 + 241)) - -4.
-37
What is (-33 + 33 - 40) + 42?
2
Calculate (30 + 26 - 53) + (-70 - (-5 - -2 - -2)).
-66
What is (-117 - (-75 + 28)) + 169?
99
What is -251 + 258 + (77 - (1 + (-5 - -9)))?
79
Evaluate (-40 - 38) + 133 - -6.
61
What is the value of 45 - (51 + -44 + 43)?
-5
-5 - (-7 + -5 + 5) - (-31 + 15 - -132)
-114
Calculate -10 + -1 - (-1 + -21 - -20) - -7.
-2
Calculate (-111 - (-193 + 98)) + (5 - 3 - 16).
-30
What is 85 - (-27 + 143 + 8)?
-39
-28 + (12 - (43 + -33))
-26
What is (1 - 33) + 125 + 8 + -101?
0
What is 245 - 219 - (16 + (-12 - -15))?
7
What is the value of 66 + -64 + 14 + -18 + -6?
-8
What is 362 - 129 - 271 - (-2 + 1 + 3)?
-40
Evaluate (-9 - (8 + 7)) + (0 - 6).
-30
12 - (-82 - -27) - -4
71
Calculate -40 - (23 + -17 - 33) - (1 - -26).
-40
Evaluate (12 - 5) + -25 - (37 + -19).
-36
What is the value of 144 - (7 - -2) - ((36 - -11) + -44)?
132
What is (-33 - (12 + -23)) + (20 - -3 - -4)?
5
12 + (0 - (5 - 3) - 4) - (25 + -4)
-15
(-68 + 73 - (4 - 5)) + 16 + -5
17
What is (-117 - -133 - (0 - 0)) + -9 - 69?
-62
Calculate -178 - -72 - (23 - 122).
-7
Calculate 14 - (29 - 0 - 0).
-15
Evaluate -29 - (-69 + 8) - 37 - (57 + 1).
-63
Evaluate -3 + -11 + (4 - -26 - 14) - -34.
36
Calculate (-12 + (-9 - -6) - (-33 - -73)) + 1 + 5.
-49
Evaluate 11 + (4 - -2) + (29 - 28 - -7).
25
Evaluate 2 + -2 + 3 - ((49 - 18 - 25) + 6).
-9
What is -11 + -43 + 105 + -93 + 1 + -6?
-47
Evaluate (11 - (-4 - -12)) + 65 + -84.
-16
What is -7 + 3 + (13 - (-4 - -21 - (39 - 40)))?
-9
What is the value of 16 + (132 - ((29 - 24) + 35))?
108
Evaluate (59 - -14) + (0 - (14 - (-5 - -10))).
64
4 + -41 - (14 + -4 + -3 + 0)
-44
(-48 - -113) + -36 - 45
-16
Evaluate -16 + 69 + -107 + 29.
-25
(-31 + 18 - 21) + 65
31
11 + -1 + -128 + (-60 - -25 - (-97 + 54))
-110
What is -37 - (-26 + 1) - 24?
-36
What is the value of -48 + -11 + 43 + 2 + -4?
-18
-48 + (-43 - (93 - 151)) + (-9 - 0) + 0
-42
What is (-55 - (44 - 22)) + 41?
-36
Evaluate -8 + -22 + -41 + 10.
-61
What is -5 - (2 + -4) - (-20 + -16 + 20 - 22)?
35
What is (-34 - -23 - 3) + 11 + -25?
-28
What is the value of -49 - (-163 - -159 - (2 + -2 + -12))?
-57
Evaluate 19 - (48 + (-7 + -1 - -16)).
-37
What is (4 - (13 + (3 - (15 - 8)) + 0)) + 3?
-2
(2 - 7) + 4 + (-3 - -10 - 40)
-34
What is 1945 + -2054 + -4 + (20 - (0 + 3))?
-96
1 + -244 + 249 + 1 + (-1 - -10)
16
What is the value of -48 + -58 + 102 + -66?
-70
Evaluate (-7 + -2 - (-46 + 28)) + -3 - 62.
-56
What is the value of -3 + (-5 - 12 - (44 - 29))?
-35
What is (-60 - -19 - -26) + -45 + 7?
-53
What is 3 + 4 + -13 + 135 + -136?
-7
What is 30 + -17 + 29 + -17 + 1?
26
Evaluate -4 - -26 - (33 - (18 + 1)).
8
What is the value of (-5 - 2) + (97 - 48) + 31?
73
What is (-4 - 36) + 149 + 43?
152
Evaluate (3 - -3) + (-16 - (-4 + -8 + -7)).
9
(25 - 2) + (136 - 132)
27
What is 16 + 4 + -25 - (8 + -78)?
65
What is the value of -44 + -3 + 389 + -362?
-20
Evaluate 217 - (-18 + 91 + 61).
83
What is the value of -2 + (-23 + 7 - -35) - -11?
28
What is the value of 4 + 7 + -82 + -13 - (2 - 14)?
-72
Calculate -1 + 10 + 3 - ((6 - -75) + -147).
78
Evaluate 43 - (-2 - (-3 + (11 - 17))).
36
What is the value of 1 + -13 - 1 - (33 + -7 - 30 - 71)?
62
Evaluate -2 - -100 - ((-785 - -778) + (9 - 0)).
96
Evaluate -87 + (61 - 33) + 31.
-28
What is 64 - (-12 + (-47 - -103))?
20
Evaluate -198 + 176 - (-39 - -44).
-27
Calculate 10 + -183 + 17 + 20 + 24.
-112
Calculate (-2 + -66 - (122 + -141)) + -9.
-58
What is the value of -48 - -1 - (-26 - 3 - (-51 - -20))?
-49
Calculate 3 - ((5 - 1) + (-183 - -137) - (-1 + 4)).
48
Calculate -16 + 25 + -16 - (7 - 1).
-13
-56 + (0 - -8 - (13 - -7)) - -11
-57
What is -104 + (38 - 31) + 11 + -10?
-96
What is the value of -29 + 1 + -1 + (71 - 65)?
-23
Evaluate -10 - (-3 - 29 - (-20 + -42 + 66)).
26
Evaluate 8 - ((13 + -11 + 3 - 6) + 40).
-31
What is 33 + -70 + 7 + 57?
27
Evaluate -57 + -1 + (6 - -13 - 19) - (-1 - 7).
-50
Calculate -132 + (197 - 121 - -49).
-7
Evaluate -3 + 5 + 2 - (1086 + -1103).
21
Evaluate (-168 - -182) + (2 - (-1 - -3 - -5)).
9
Calculate 0 - 1 - (16 - -145) - (-5117 + 5092).
-137
What is the value of 9 + (-9 - 1) + 11 + (-2 - (-1 + -1))?
10
Calculate (22 - (-26 - -25)) + -11 + 21.
33
What is 111 - 99 - (-14 + 17 + 103 + 3 + -2)?
-95
Calculate -30 - ((-4 - (-4 + 3)) + 12) - -8.
-31
What is the value of (11 - (-9 - -49)) + -172 + 289?
88
32 + -12 + -9 - 25 - (-3 + 35)
-46
1 + 2 + 2 + (55 - 57)
3
Calculate 1 + 6 + 2 + -8 + 6 + -10 + 76.
73
(14 + 1 - (-511 + 528)) + 2 + 5
5
Calculate -6 + -1 + (-16 - ((-33 - -9) + 8)).
-7
100 + -173 + (167 - 114)
-20
(37 - 5) + -22 + (-24 - -29)
15
Calculate 0 - -1 - -3 - (746 + -745).
3
Calculate -1 + 2 + -6 - -37 - (-181 + 193).
20
(-17 - -2) + -10 + (-16 - -58) + 51
68
What is -30 - (-320 + 310 + -2 + -1 + 1)?
-18
Calculate -96 + (-92 - -104 - ((3 - (-7 - -10)) + 8)).
-92
(-14 + -6 - -60) + 5 + -18 + 7
34
What is the value of (1 - -77) + 945 + -965?
58
(-10 - -15) + (-26 - -1 - 0) - (56 + -59)
-17
Calculate -31 + (19 - -23) - -53.
64
What is the value of (67 - (1 - -1)) + 229 + -186?
108
-5654 - -5658 - (1 + -2 + 1 + -15)
19
Calculate (1 - -6 - (295 + -301)) + -8.
5
Evaluate -3 + -1 + (13 + 3 - (-14 + -9 + 31)).
4
46 + (62 - (-25 + 85))
48
What is -2 + 47 + -28 + 23?
40
What is 17 - 41 - (174 - 201)?
3
What is the value of (-5 - ((0 - 6) + -5 + 9)) + -27 + -6?
-36
What is the value of 37 + 18 + -35 + -21 + 1 + 4 + 42?
46
What is 33 + (36 - 77 - -3) + (-1 - -14)?
8
What is the value of -31 + (-10 - (-13 + (-4 - -15 - 4))) - -5?
-30
Evaluate (110 - 244 - -70) + 57.
-7
-16 - -87 - (219 - 236)
88
What is the value of 8 - (-1 + 1) - (2804 + -2811 - (60 - -1))?
76
Calculate -1558 + 1559 - (-5 + 5 + -1 - (-1 + 108)).
109
Evaluate -1 + 12 + (-86 - -88 - (3 - -1 - -63)).
-54
Evaluate 42 - (74 + -76 + 87).
-43
What is -77 + (-28 - (-40 + -18)) - -31?
-16
Evaluate (1 - 75) + (-20 - (97 - 139)).
-52
What is the value of -44 + -79 + 25 - -106?
8
17 - (50 + -27 - 51)
45
Calculate -2 - (1 - 0 - (1374 + -1369)).
2
What is -10 - (-2 - 10) - (-14 - -5 - -68 - 6)?
-51
Calculate -6 - (33 + 13 + -42) - (1 - 4).
-7
Calculate -59 - (-32 + -6 + 48 - (17 - 0)).
-52
Evaluate 65 + -51 - (-8 + -14).
36
What is -5 - ((4 + 7 + 0 - 14) + -10)?
8
Calculate (76 - 74 - (8 - (8 - 8))) + -13.
-19
-15 - (10 + -18) - (11 - 3 - (7 + -4))
-12
What is the value of (24 - 13) + (19 - 55)?
-25
Calculate -37 + 42 - -10 - (2 + -30).
43
Evaluate -47 - -1 - (181 + -32 + -153).
-42
What is 0 + -2 + (271 - 256) - -28?
41
(4 - 10 - -12) + (-14 + 0 - 7)
-15
What is -58 - (19 - (11 - -56 - 32))?
-42
Evaluate -2 + -60 - (-117 + 51 - -55).
-51
-39 + 105 + -28 + -43
-5
What is the val